ghest common factor of 1500282 and 35640.
162
What is the greatest common factor of 99 and 111465297?
9
What is the greatest common factor of 2895 and 16017?
3
Calculate the greatest common divisor of 11469 and 2951099859.
11469
Calculate the greatest common factor of 6 and 62889720.
6
Calculate the greatest common divisor of 341991928 and 1034.
94
What is the highest common factor of 12393 and 5377185?
1377
Calculate the greatest common divisor of 17892 and 7219564.
284
Calculate the greatest common factor of 797301001 and 49.
49
Calculate the greatest common divisor of 365 and 1760600.
5
What is the highest common divisor of 537784 and 416?
104
Calculate the greatest common divisor of 3724095 and 83585.
365
What is the greatest common factor of 574 and 42317248?
82
Calculate the highest common divisor of 1516656 and 12312.
456
Calculate the greatest common divisor of 46588936 and 40.
8
Calculate the highest common factor of 26979524 and 2860.
572
What is the greatest common divisor of 1169 and 430237591?
1169
Calculate the highest common factor of 150 and 413274.
6
What is the highest common divisor of 147879942 and 882?
294
What is the greatest common divisor of 26015 and 322591203?
5203
Calculate the greatest common divisor of 5273400 and 1333200.
6600
Calculate the highest common divisor of 133 and 18695327.
7
What is the greatest common factor of 9616 and 5766595?
601
Calculate the highest common divisor of 11 and 72535243.
11
Calculate the greatest common divisor of 10 and 89391665.
5
Calculate the highest common divisor of 15100 and 233899.
151
What is the greatest common factor of 3101 and 90004310?
443
What is the greatest common divisor of 13090197 and 2346?
69
What is the highest common divisor of 5911140 and 45?
15
What is the highest common factor of 25681216 and 704?
704
What is the highest common divisor of 2168 and 13128?
8
What is the highest common factor of 608374133 and 271?
271
What is the highest common divisor of 98 and 269831842?
14
What is the greatest common divisor of 3115780 and 3440?
860
Calculate the highest common divisor of 1619 and 511890563.
1619
What is the greatest common divisor of 19152199 and 341?
11
Calculate the greatest common factor of 5177641 and 5617.
137
Calculate the greatest common divisor of 940 and 16932220.
940
Calculate the greatest common divisor of 2484 and 9788.
4
Calculate the greatest common factor of 959794 and 3.
1
What is the greatest common factor of 2072 and 477784?
8
Calculate the highest common divisor of 18 and 130168836.
18
What is the highest common factor of 112281120 and 45?
45
What is the greatest common divisor of 55497 and 384?
3
Calculate the highest common factor of 129 and 146568768.
129
Calculate the greatest common factor of 65 and 8546863.
13
Calculate the greatest common factor of 85 and 31414759.
17
What is the greatest common divisor of 11008 and 13048064?
256
Calculate the highest common divisor of 380317 and 630.
7
What is the greatest common divisor of 40 and 6335860?
20
Calculate the greatest common divisor of 36335168 and 576.
64
What is the greatest common divisor of 1064 and 1426642?
14
Calculate the greatest common factor of 95 and 21197730.
95
Calculate the greatest common factor of 787936 and 416.
32
What is the highest common divisor of 2538 and 64564182?
2538
Calculate the highest common divisor of 143 and 17148430.
13
Calculate the highest common factor of 51591 and 249.
3
What is the highest common divisor of 7268866 and 396?
22
Calculate the highest common factor of 117556310 and 3340.
1670
What is the greatest common divisor of 5287287 and 417?
3
Calculate the greatest common divisor of 41616642 and 48.
6
Calculate the highest common factor of 21897785 and 16065.
595
Calculate the highest common divisor of 1020 and 10249230.
30
What is the greatest common divisor of 1611 and 39141?
9
What is the greatest common factor of 30403120 and 550?
110
What is the highest common factor of 67505 and 541305?
115
Calculate the highest common factor of 3020530 and 30.
10
Calculate the greatest common divisor of 1029 and 51084537.
21
What is the highest common factor of 11462 and 630828?
22
Calculate the highest common factor of 6346889 and 867697.
1187
Calculate the greatest common divisor of 70755 and 879765.
1335
What is the greatest common divisor of 750749419 and 14?
7
Calculate the highest common factor of 128 and 675180.
4
What is the highest common divisor of 3860011 and 916180?
2411
What is the highest common factor of 24045168 and 144?
48
Calculate the greatest common divisor of 69378 and 4278.
186
Calculate the highest common divisor of 239 and 59161343.
239
Calculate the highest common factor of 5759 and 351.
13
What is the highest common factor of 164150 and 65072?
98
Calculate the greatest common divisor of 10640 and 56944.
16
What is the highest common divisor of 429718 and 96385?
37
Calculate the highest common factor of 332734718 and 5766.
1922
Calculate the greatest common factor of 649 and 653048.
11
What is the greatest common factor of 5200 and 435336200?
2600
Calculate the highest common factor of 36 and 105235932.
12
What is the greatest common divisor of 1065388 and 234257?
3209
Calculate the greatest common divisor of 99 and 152432379.
99
What is the greatest common factor of 18193500 and 312?
156
What is the greatest common factor of 5064 and 4777040?
1688
What is the highest common divisor of 1184182284 and 24?
12
What is the highest common factor of 34289 and 6932429?
2017
What is the highest common divisor of 504 and 1933596?
252
What is the highest common divisor of 2791665 and 63845?
565
What is the highest common factor of 2673214 and 1378?
106
What is the highest common factor of 20 and 4323620?
20
What is the greatest common divisor of 55315467 and 9537?
867
Calculate the highest common divisor of 515 and 1330451.
103
What is the highest common factor of 9355135 and 16675?
115
Calculate the greatest common divisor of 371 and 897873.
53
Calculate the highest common factor of 51470538 and 4956.
2478
Calculate the greatest common divisor of 72 and 2523996.
36
What is the greatest common factor of 5996592 and 1260?
252
What is the highest common divisor of 115147 and 2390289?
113
What is the highest common divisor of 7752602 and 1430?
286
What is the greatest common factor of 14323054 and 248?
62
Calculate the highest common factor of 4608 and 4850208.
288
What is the greatest common factor of 27360 and 66054240?
1440
What is the highest common factor of 16 and 13248240?
16
What is the greatest common factor of 15505707 and 626?
313
Calculate the greatest common divisor of 104300 and 6860.
140
Calculate the greatest common factor of 36925 and 11605.
1055
What is the highest common divisor of 30121 and 815633?
91
What is the greatest common factor of 3745 and 174755?
35
Calculate the greatest common divisor of 15687640 and 692.
692
Calculate the highest common divisor of 111 and 497872.
37
Calculate the highest common divisor of 13052734 and 1178.
38
What is the highest common factor of 1690432 and 175314?
122
What is the greatest common divisor of 17833732 and 56?
28
What is the greatest common divisor of 3183475486 and 74?
74
Calculate the greatest common divisor of 129192 and 312.
24
What is the highest common factor of 466347 and 349482?
1113
Calculate the greatest common divisor of 939840 and 74976.
1056
Calculate the greatest common divisor of 4444 and 5094188.
44
Calculate the highest common factor of 1845 and 37187.
41
Calculate the greatest common factor of 3753 and 10427076.
27
Calculate the greatest common divisor of 3123 and 235.
1
What is the highest common divisor of 35989 and 2085390?
493
Calculate the highest common divisor of 8440 and 204037.
211
Calculate the highest common divisor of 351488790 and 90.
90
What is the highest common divisor of 64990 and 3149?
67
Calculate the greatest common divisor of 188853 and 231999.
51
What is the highest common factor of 12745 and 25849409?
2549
Calculate the highest common factor of 11284 and 36038639.
91
What is the highest common factor of 830321030 and 1155?
385
What is the highest common divisor of 12604623 and 762?
381
Calculate the highest common divisor of 67920742